s divided by 7?
5
Let v(q) = 2*q**3 + 2*q**2 - 2*q + 1. Let k be v(1). Suppose -n = -k - 2. Suppose n*o - 164 = o. Calculate the remainder when o is divided by 14.
13
Suppose -3*d = -5*z + 15, 3*d - d - 4*z = -12. Let g(c) = 2*c**3 + c + d*c - c**2 + 0*c - c**3. Calculate the remainder when 16 is divided by g(2).
4
Suppose 3*a = 2*r - 5*r - 63, -r - 12 = 4*a. Let u = 51 + r. What is the remainder when 53 is divided by u?
26
Suppose -33 = -4*o - 5*q, 3*q - 6 = 2*o + q. What is the remainder when 15 is divided by ((-3)/o)/(1/(-6))?
6
Suppose -14 = 2*n - 4*k, 5*n = n - 5*k + 37. Let f be 1 - n/6*2. What is the remainder when 11 + f*1/(-3) is divided by 4?
3
What is the remainder when 5 is divided by -1*1 + (5 - 1)?
2
Let v(w) = -w**3 + w**2 - w + 25. Let n = -18 - -28. Suppose -36 = -2*h - n. Calculate the remainder when v(0) is divided by h.
12
Suppose -2*k = -3*f + 28, 5*f - 44 = f + 4*k. Suppose f = -0*v + 3*v. Calculate the remainder when v is divided by 1.
0
Suppose 0*b = 2*b - 56. Let q = b - -18. Suppose -4*p + 0*p = -64. What is the remainder when q is divided by p?
14
Let d(l) = l**3 + 2*l**2 + l + 2. Let v be d(-2). Let a = 14 - v. Calculate the remainder when a is divided by 8.
6
Suppose -4*r - 6*v + 25 = -v, 2*r - 14 = -2*v. What is the remainder when 19 is divided by r?
9
Suppose 0 = 3*u + 4*c - 8, -u - u = 2*c - 8. Let z be ((-2)/5)/((-2)/(-10)). What is the remainder when (z/(-6))/((-3)/(-117)) is divided by u?
5
Suppose 0 = c - 6*c + 195. What is the remainder when c is divided by 2/(1 - (-9)/(-10))?
19
Let q(l) = -20*l - 7. Let r be q(-5). Suppose 0 = i + 2*i - r. Let p = 2 + 9. What is the remainder when i is divided by p?
9
Suppose -4*r + 50 = r. Calculate the remainder when 9976/348 - (0 - (-2)/(-6)) is divided by r.
9
Let j(v) = -36*v**3 - v. Let z(g) = -g**2 - 7*g + 7. What is the remainder when j(-1) is divided by z(-6)?
11
What is the remainder when 59 is divided by 206/10 + 4/10?
17
What is the remainder when (3*-1)/((-9)/48) is divided by 6 + 0*1/4?
4
Let y = -29 - -34. What is the remainder when 18 is divided by y?
3
Suppose -5 + 13 = 4*n. Suppose 0 = -3*r - g + 56, n*r - 32 = 5*g - 3*g. Calculate the remainder when r is divided by 5.
3
Let y(c) = 2*c - 11. Let r be y(8). Suppose r*j + 10 = 0, -60 + 7 = -3*a - 2*j. What is the remainder when a is divided by 7?
5
Let s = 29 + -12. Calculate the remainder when 1/3 - (-286)/6 is divided by s.
14
Suppose 7*n - 211 = -8. Calculate the remainder when 55 is divided by n.
26
Let a(l) = 20*l**2 - 3*l - 1. Let g be a(-2). Suppose 8*v - 3*v - g = 0. What is the remainder when v is divided by 10?
7
Suppose 9 + 0 = 3*b. What is the remainder when 17 is divided by (4 - 3) + 2 + b?
5
Let m = 32 - 15. What is the remainder when 50 is divided by m?
16
Let m = -3 - -18. Let q = -3 - -5. Suppose -q*h + 5*s + 29 = 0, -3*s = -0*s + m. Calculate the remainder when 5 is divided by h.
1
Let r = 5 + -3. Calculate the remainder when r/8 + (-633)/(-12) is divided by 18.
17
Suppose 2*j - 42 - 154 = 0. What is the remainder when j is divided by 29?
11
Suppose 4*s - 3*n = 20 + 76, s + n - 31 = 0. Suppose j = -3*i + 5, -4*j + i = j - 73. Calculate the remainder when s is divided by j.
13
Let s = 42 - 18. Let j be 24/5 - (-1)/5. Suppose -4*r - h + 48 = -3*h, 2*h + 61 = j*r. Calculate the remainder when s is divided by r.
11
Let j = -7 - -18. What is the remainder when 19 is divided by j?
8
Let x(f) = f**2 - f - 4. Let l = 5 + 1. Let w(r) = r**2 - 10*r - 30. What is the remainder when x(l) is divided by w(13)?
8
Suppose -2*n - 56 = -4*g, -g + 3*n + 21 - 2 = 0. Calculate the remainder when 36 is divided by g.
10
Let z(t) = -2*t - 16. Let b(v) = -1. Let f(o) = -5*b(o) + z(o). What is the remainder when 24 is divided by f(-10)?
6
Suppose -9*b + 4 = -8*b. Calculate the remainder when 10 is divided by (b - 1)*1/1.
1
Suppose -5*u = -g - 15 - 23, 3*g = -5*u + 46. Let l(x) = -9*x - 4. Let d be (-2)/(-4)*0 + -3. Calculate the remainder when l(d) is divided by u.
7
Suppose -p = -0*p. Suppose -4*n - 3*x = -9*n + 196, p = n + 2*x - 47. Let q = -38 - -59. Calculate the remainder when n is divided by q.
20
Let m(y) = y**3 - 15*y**2 + 17*y - 21. What is the remainder when 59 is divided by m(14)?
17
Let b(k) = k**2 + 15. What is the remainder when b(0) is divided by (-4)/(-2 + (-3)/(-2))?
7
Let w(n) = n - 6. Let j(r) = -5*r + 25. Let k(x) = 2*j(x) + 9*w(x). Let m be k(-4). Suppose m*o - 47 = -o. Calculate the remainder when o is divided by 24.
23
Let g = -1 + 5. Suppose -35 = -2*v - v + g*n, n = -3*v + 10. Calculate the remainder when 13 is divided by v.
3
Let n(q) = -3*q + 9. Let g = 3 - -5. Let d = g - -2. Calculate the remainder when n(-6) is divided by d.
7
Suppose 5*r - 40 - 15 = 0. Suppose 2*q = 3*y - 9, -y = -q + 3*q - r. Suppose 0*w + 99 = q*w. What is the remainder when w is divided by 9?
6
Let k be 17/4 + 1/(-4). Suppose 2*h + 85 = 4*h - c, 3*h + k*c = 133. Calculate the remainder when h is divided by 25/(-10)*-1*6.
13
Suppose -5*o + 57 = 3*h, -3*o + 5*h = -0*o - 7. What is the remainder when 13 is divided by o?
4
Let w(h) = 5*h - 10. Calculate the remainder when w(7) is divided by 0 + (-1 - -14) + 1.
11
Let o(b) = -3*b**2 + 19*b + 24. Let y(c) = c**2 - 10*c - 12. Let x(p) = 2*o(p) + 5*y(p). What is the remainder when 44 is divided by x(-9)?
14
Suppose 3*c = 2*q + 39, 5*c - q = -3*q + 81. What is the remainder when c is divided by 9?
6
Suppose 10*g - 36 = 8*g. Suppose o + 4*o - 4*b = 185, -o - 3*b = -18. Calculate the remainder when o is divided by g.
15
Calculate the remainder when (-4)/(-6)*(-696)/(-16) is divided by 10.
9
Suppose 0 = 2*u + 12. Let j be ((-3)/4)/((-1)/4). Calculate the remainder when 30 is divided by j/9 + (-94)/u.
14
Let f(j) = -j**3 - 4*j**2 - 2*j - 3. Let v(p) = -3*p**2 - 2*p + 1. Let s be v(1). What is the remainder when 17 is divided by f(s)?
2
Suppose -4*i = 39 - 235. What is the remainder when i is divided by 17?
15
Let o(q) = -5*q. Let h be o(-1). Suppose 13 - h = 2*t. Suppose t*d - 5*l - 5 = 0, -d + 0*d = 2*l - 11. What is the remainder when 8 is divided by d?
3
Let p(a) = -2*a - 9. Let v(b) = -b - 2. Let c(k) = -k**3 + 10*k**2 - k + 3. Let u be c(10). What is the remainder when p(-11) is divided by v(u)?
3
Suppose -2*u + 66 = 26. Suppose -3*o - 3 = 0, -2*p + u = 4*o - 8. Calculate the remainder when 63 is divided by p.
15
Let u(j) = -j**3 + j**2 + 3*j - 3. What is the remainder when u(-3) is divided by 5?
4
Suppose -z + 7*r - 3*r + 18 = 0, 4*z + 5*r = 9. Suppose z*g - 6 = 4*g. What is the remainder when 2/7 - (-162)/21 is divided by g?
2
Let m = 45 - 31. Suppose 5*g - 165 = 2*g. What is the remainder when g is divided by m?
13
Suppose 531 = 4*s - 3*j, -2*s + 3*j - 4*j = -263. Calculate the remainder when s is divided by 45.
42
Let b(z) = -z**3 + 3*z**2 - 3*z + 3. Let i be b(2). Calculate the remainder when 26 is divided by (-1)/1*(-15)/i.
11
Let p = -2 - -7. What is the remainder when (2*(-2)/6)/((-18)/783) is divided by 0 - p*2*-1?
9
Let u be (7/3 + 0)*-3. Let f = -5 - u. Suppose f*n - 6 - 2 = 0. Calculate the remainder when 6 is divided by n.
2
Let z(s) = s**2 - 2*s - 1. Let f(c) = -c**2 - 5*c - 1. Let l be f(-4). Suppose -l*w - 20 = -8*w. What is the remainder when z(-2) is divided by w?
3
Suppose 5*y + 2*j - 185 = -3*j, -2*j - 206 = -5*y. What is the remainder when y is divided by 14?
12
Suppose -3*k - 8 + 2 = -u, 2*k = -5*u + 13. Suppose u*p - 1 = 20. Calculate the remainder when 12 is divided by p.
5
Calculate the remainder when (-220)/(-2) + -4 + 1 is divided by 22.
19
Let o(m) = -5*m - 44. Suppose -3*y + 15 = -3. Suppose y + 242 = 4*f. Calculate the remainder when f is divided by o(-13).
20
Let l(p) = p**3 + 2*p**2 - 2*p. Let k be l(-2). Suppose -d = -2*h + 22, -2*h + 81 = 3*h + k*d. What is the remainder when h is divided by 8?
5
Let k be (-922)/(-11) - (-4)/22. Suppose 2*f - 45 = -3*m, 5*m + 4*f - k = -11. Suppose -12*h = -9*h - 147. Calculate the remainder when h is divided by m.
15
Let h = -9 - -4. Let m(d) = -d**2 - 8*d + 3. Calculate the remainder when 71 is divided by m(h).
17
Let t = 5 + -5. Suppose -y + z = -t*z + 3, -3*y + z = 1. Calculate the remainder when (-1)/(2*(-3)/12) is divided by y.
0
Suppose 4*x + 2 = 2*g, -g - 19 = -2*x - 4*g. Suppose -5*f + 11 =